the prime factors of 226493708.
2, 7, 149, 233
List the prime factors of 1086905514.
2, 3, 181150919
What are the prime factors of 279730417?
47, 331, 17981
List the prime factors of 109932964.
2, 27483241
List the prime factors of 83541843.
3, 7, 11, 120551
What are the prime factors of 2734765?
5, 11, 19, 2617
What are the prime factors of 27333462?
2, 3, 13, 350429
What are the prime factors of 1717676440?
2, 5, 59, 449, 1621
List the prime factors of 1163628048.
2, 3, 11, 1117, 1973
What are the prime factors of 33994361?
33994361
What are the prime factors of 51147282?
2, 3, 8524547
What are the prime factors of 1015412653?
139, 1759, 4153
What are the prime factors of 66064060?
2, 5, 811, 4073
What are the prime factors of 110237319?
3, 37, 331043
What are the prime factors of 1018219651?
24113, 42227
List the prime factors of 7451681565.
3, 5, 23, 3659, 5903
What are the prime factors of 151961228?
2, 37990307
What are the prime factors of 6105561371?
7, 13, 29, 41, 73, 773
What are the prime factors of 21986173?
11, 19, 59, 1783
What are the prime factors of 221194463?
7, 17, 109, 17053
What are the prime factors of 898326268?
2, 7, 32083081
What are the prime factors of 2036752305?
3, 5, 7, 443, 43787
What are the prime factors of 123105579?
3, 19, 199, 10853
List the prime factors of 9851340.
2, 3, 5, 113, 1453
List the prime factors of 4980844566.
2, 3, 19, 14563873
List the prime factors of 149858289.
3, 7, 59, 89, 151
List the prime factors of 1985103672.
2, 3, 82712653
List the prime factors of 228409430.
2, 5, 22840943
What are the prime factors of 273275054?
2, 13, 10510579
List the prime factors of 58699899.
3, 379, 17209
List the prime factors of 972838374.
2, 3, 59, 2748131
List the prime factors of 90888309.
3, 10098701
List the prime factors of 1562418653.
1562418653
What are the prime factors of 78646170?
2, 3, 5, 53, 49463
List the prime factors of 36484613.
11, 31, 106993
What are the prime factors of 870103652?
2, 11, 379, 52177
List the prime factors of 98967513.
3, 431, 76541
List the prime factors of 1504711972.
2, 41, 9175073
List the prime factors of 208052700.
2, 3, 5, 61, 11369
What are the prime factors of 838289660?
2, 5, 13, 29, 73, 1523
What are the prime factors of 1691922083?
2879, 587677
What are the prime factors of 4563985?
5, 912797
List the prime factors of 4021822306.
2, 2010911153
List the prime factors of 13288437.
3, 107, 13799
List the prime factors of 173589456.
2, 3, 3616447
What are the prime factors of 1594335094?
2, 11, 72469777
What are the prime factors of 23855254?
2, 257, 46411
What are the prime factors of 125197574?
2, 19, 821, 4013
What are the prime factors of 1276741230?
2, 3, 5, 41, 1038001
What are the prime factors of 497112471?
3, 6137191
List the prime factors of 63094666.
2, 541, 58313
List the prime factors of 25889627.
3001, 8627
What are the prime factors of 33081462?
2, 3, 97, 18947
List the prime factors of 15006566.
2, 83, 90401
List the prime factors of 21595849.
11, 1963259
List the prime factors of 769177819.
191, 643, 6263
What are the prime factors of 115000827?
3, 38333609
List the prime factors of 139032583.
29, 263, 18229
List the prime factors of 572745563.
13, 23, 29, 5081
List the prime factors of 371838.
2, 3, 29, 2137
List the prime factors of 28223302.
2, 14111651
List the prime factors of 2846500709.
13, 218961593
List the prime factors of 114620531.
2069, 55399
What are the prime factors of 64746248?
2, 7, 331, 499
List the prime factors of 2225356.
2, 7, 19, 47, 89
List the prime factors of 285520846.
2, 13, 419, 26209
List the prime factors of 126686713.
179, 707747
List the prime factors of 888789045.
3, 5, 59252603
What are the prime factors of 152026128?
2, 3, 1055737
List the prime factors of 2227819905.
3, 5, 23, 2152483
What are the prime factors of 76471898?
2, 29, 53, 24877
What are the prime factors of 1616950736?
2, 101059421
What are the prime factors of 1520370069?
3, 101, 223, 22501
List the prime factors of 71338223.
11, 31, 209203
List the prime factors of 210592886.
2, 7, 2148907
What are the prime factors of 188031805?
5, 13, 2892797
List the prime factors of 102414524.
2, 25603631
List the prime factors of 1193755780.
2, 5, 7, 157, 54311
What are the prime factors of 28396635?
3, 5, 73, 25933
List the prime factors of 28226104.
2, 53, 66571
What are the prime factors of 110900260?
2, 5, 47, 117979
What are the prime factors of 443182559?
37, 11977907
List the prime factors of 1719554394.
2, 3, 286592399
What are the prime factors of 168242367?
3, 37, 1515697
What are the prime factors of 899169?
3, 299723
What are the prime factors of 75931120?
2, 5, 43, 22073
List the prime factors of 249762272.
2, 83, 271, 347
List the prime factors of 25538680.
2, 5, 638467
What are the prime factors of 43957505?
5, 2549, 3449
List the prime factors of 9964694.
2, 1543, 3229
List the prime factors of 7601841.
3, 13, 43, 1511
List the prime factors of 163906748.
2, 199, 205913
What are the prime factors of 507416642?
2, 253708321
List the prime factors of 1383322866.
2, 3, 101, 2282711
List the prime factors of 9494907.
3, 3164969
List the prime factors of 764594021.
764594021
List the prime factors of 89145746.
2, 23, 47, 41233
List the prime factors of 38490471.
3, 37, 1427
What are the prime factors of 25668080?
2, 5, 320851
What are the prime factors of 841818881?
109, 887, 8707
What are the prime factors of 68006049?
3, 53, 427711
List the prime factors of 1132988746.
2, 61, 263, 35311
What are the prime factors of 4083101433?
3, 113, 461, 2903
List the prime factors of 3480780.
2, 3, 5, 58013
What are the prime factors of 568953341?
11, 51723031
List the prime factors of 416763667.
83, 1231, 4079
List the prime factors of 64138666.
2, 32069333
List the prime factors of 206076343.
11, 23, 814531
What are the prime factors of 457929166?
2, 228964583
What are the prime factors of 378605558?
2, 189302779
What are the prime factors of 33065887?
29, 1140203
List the prime factors of 287942597.
59, 79, 163, 379
List the prime factors of 13001178.
2, 3, 1069, 2027
List the prime factors of 34164377.
13, 83, 31663
List the prime factors of 199418494.
2, 11, 1777, 5101
List the prime factors of 158813866.
2, 61, 631, 2063
List the prime factors of 275423419.
275423419
List the prime factors of 138634494.
2, 3, 43, 537343
List the prime factors of 421562237.
1279, 329603
What are the prime factors of 46877203?
1669, 28087
What are the prime factors of 203409713?
13, 15646901
List the prime factors of 4069592549.
11, 17, 31, 702017
List the prime factors of 33783426.
2, 3, 41, 15259
List the prime factors of 89327729.
61, 701, 2089
List the prime factors of 38191850.
2, 5, 419, 1823
List the prime factors of 211261753.
211261753
What are the prime factors of 909994590?
2, 3, 5, 41, 246611
What are the prime factors of 5306983665?
3, 5, 4597, 76963
List the prime factors of 27995379.
3, 17, 19, 167, 173
List the prime factors of 60923886.
2, 3, 17, 467, 1279
List the prime factors of 6195159161.
6195159161
What are the prime factors of 368066766?
2, 3, 61344461
What are the prime factors of 3466645317?
3, 47, 503, 5431
What are the prime factors of 199222730?
2, 5, 7, 406577
List the prime factors of 109897675.
5, 29, 5227
List the prime factors of 2050448654.
2, 29, 35352563
What are the prime factors of 79234294?
2, 19, 43, 48491
List the prime factors of 9784259.
19, 131, 3931
List the prime factors of 143665902.
2, 3, 587, 13597
List the prime factors of 1537159071.
3, 7, 19, 883, 4363
What are the prime factors of 37325642?
2, 17, 23, 59, 809
List the prime factors of 13369665.
3, 5, 891311
List the prime factors of 48729929.
47, 59, 17573
List the prime factors of 453134934.
2, 3, 7, 3596309
List the prime factors of 119767486.
2, 23, 71, 36671
List the prime factors of 49163800.
2, 5, 7, 35117
List the prime factors of 64574516.
2, 16143629
List the prime factors of 29716122.
2, 3, 137, 36151
List the prime factors of 1257038269.
293, 4290233
What are the prime factors of 808048767?
3, 269349589
What are the prime factors of 4350285966?
2, 3, 13, 55772897
What are the prime factors of 7036299?
3, 29, 26959
What are the prime factors of 62467767?